at is the hundreds digit of (8120/15)/(c/45)?
6
Suppose 0 = -68*s + 80*s - 2160. Suppose k - 500 = -s. What is the tens digit of k?
2
What is the ten thousands digit of ((5074 + 0)/1)/(532/2128) + 0?
2
Let w be 25/(-25) - (6 - 1). What is the units digit of 212 - ((-2)/w)/((-2)/30)?
7
Let t(b) = 42*b**2 + 6*b - 4. Let o be t(4). Suppose r = 3*r + o. Let m = 487 + r. What is the hundreds digit of m?
1
Let m = 4479 + -2297. Suppose -r = -5*s + m + 2948, 2*r = 5*s - 5135. What is the hundreds digit of s?
0
Let k = 39 + -37. Suppose q = 2*f + 2*f, 0 = -2*q + k*f. Suppose 5*p - 472 - 293 = q. What is the units digit of p?
3
Let l(w) = 82*w. Let q = -57 - -58. Let h be l(q). Suppose 3*o - 6*o - 54 = -3*c, h = 4*c + o. What is the units digit of c?
0
Let b be ((-24)/(-30))/((-2)/(-5)). Suppose -b + 4 = s. Suppose -5*j = -3*m + 218, 0 = s*m + 2*j + 56 - 228. What is the units digit of m?
1
Let x(a) = -a + 2. Let u be x(1). What is the hundreds digit of (664 - 2/u)*(-57)/(-114)?
3
Let b = -44 - -53. What is the hundreds digit of (-1)/b + 16290/81?
2
Suppose -k + 2*f = 4, 4*k + 9*f - 23 = 4*f. What is the hundreds digit of k + 4 - 1 - (-6 + -527)?
5
Let s = -10 - -13. Suppose -24 = -t - s*t. Suppose t*y = 5*y + 80. What is the units digit of y?
0
Let p(w) be the second derivative of 7*w**6/720 - 47*w**5/120 - 4*w**4/3 - 31*w. Let c(t) be the third derivative of p(t). What is the units digit of c(13)?
4
Suppose 7*u - 195 = 6*u. Suppose -4*y - 56*o + 57*o = 383, y + 80 = -5*o. Let h = y + u. What is the hundreds digit of h?
1
Let o(v) be the first derivative of 2*v**3/3 - v**2/2 - 4*v + 3. Suppose -253 = -16*s - 317. What is the units digit of o(s)?
2
Let s(x) = 6*x + 200. Let y be s(8). Suppose -y = -2*k + 1256. What is the hundreds digit of k?
7
Suppose 1808 = 4*v + 4*v. Let n = 1119 - v. What is the units digit of n?
3
Let u = 317 - 188. Suppose -h + 13 = u. Let j = h - -213. What is the units digit of j?
7
Suppose -4*i = -5*w + 28, -i = -w + 5*w - 14. Suppose x = -w*x + 20, -u + 5*x + 102 = 0. What is the units digit of u?
2
Suppose 56*y + 157640 - 990528 = 0. What is the units digit of y?
3
Suppose 5*y + j - 42214 = 0, y = 5*j + 4223 + 4251. What is the tens digit of y?
4
Suppose 3613 + 976 = 13*n. Suppose -g = -5*y - n, -5*g + 793 = 5*y - 1062. What is the hundreds digit of g?
3
Let r(v) = -692*v - 2167. What is the thousands digit of r(-42)?
6
Suppose -s = 53*z - 51*z - 140179, 3*s = -4*z + 280363. What is the units digit of z?
7
Let v be (215 - 214) + (-1 - -1 - 1). Suppose v = 5*d + 510 - 1060. What is the units digit of d?
0
Suppose 20*h = 16*h - 24. Let f be (-177)/h + 2 + (-5)/10. Let i = 325 - f. What is the tens digit of i?
9
Suppose -14*g - 1454 = -12*g - 4*k, -g + 5*k - 724 = 0. Let f = g - -1262. What is the tens digit of f?
3
Let b(h) = -h**3 + 13*h**2 + 16*h - 20. Let y be b(14). Suppose y*g - 1345 = 3783. What is the hundreds digit of g?
6
Let v = -46 - -54. Suppose 47104 - 5888 = -v*c. What is the hundreds digit of c/(-35) + ((-3)/(-5))/(-3)?
1
Suppose -6*v + 2*v - 4 = 0. Let w be (8 - 0 - 3) + v. Suppose 0 = w*j - 412 + 144. What is the tens digit of j?
6
Let q(p) = 4*p - 3*p + 3*p**2 + 15*p - 29. Let k be (-69)/6 - (-9)/6. What is the tens digit of q(k)?
1
Let b(a) = -5*a + 2. Let l be b(-1). What is the units digit of (-1)/((-3)/12*l/70)?
0
Let a = -3387 - -3783. What is the tens digit of a?
9
Let j be -1 - ((-12)/(-54) + (-3782)/9). Let n = j + -23. What is the units digit of n?
6
Let a(i) = -6*i - 2 + 3*i - 29*i**3 + 2*i**2 + 2*i + 1. Let r be a(-2). Let y = -124 + r. What is the hundreds digit of y?
1
Let r be 2912/44 - ((-93)/33 - -3). Suppose 0 = -4*f + r + 30. Suppose 5*b - f = 21. What is the units digit of b?
9
Let u(d) = 9 - 8*d**2 - 11 + 12 + 14*d + 23 - d**3. Let q be u(-11). Suppose -2*j - 4*k + 0*k = -q, 359 = 3*j + 4*k. What is the hundreds digit of j?
1
Let n(s) = 14*s**2 - 6 + 7*s**2 - 18*s**2 + 14*s. Let f be n(-8). What is the units digit of f/3*(-45)/(-10) + 2?
3
Suppose 0 = 5*v - 3*t - 30, 7*v - 2*v - 4*t = 25. Let o(y) = 5*y + 92. What is the hundreds digit of o(v)?
1
Let h be -6*(32/(-6))/2. What is the hundreds digit of 6 + (-72)/h - 1649/(-2)?
8
Let k = -49 + 141. Suppose 0 = 97*i - k*i - 915. What is the tens digit of i?
8
Let i(n) = -10*n - 29. Let c be i(-3). What is the tens digit of ((-394)/4)/(c - (-25)/(-20))?
9
Let r(k) = -25*k + 690. What is the hundreds digit of r(-23)?
2
Suppose -5*q + 12*y + 347236 = 15*y, 4*q - 3*y = 277751. What is the thousands digit of q?
9
Suppose -4*v = 2*l - 4250, 18*l + 12 = 14*l. Suppose -2*h - s + v = 4*s, -s = 4. What is the units digit of h?
2
Suppose 43*j - 1454409 = 29*j - 69*j. What is the thousands digit of j?
7
Let z = -215 - -61. Let b = z + 221. What is the tens digit of b?
6
Suppose 30*o - 26*o - 2116 = 0. Suppose -o = 12*m - 1321. Suppose 0 = -0*r + 3*r - m. What is the units digit of r?
2
Suppose 23*o + 648 = 32*o. What is the hundreds digit of (-3622)/(-18) + (-16)/o?
2
Let q be (2 - -1)*(1994 + -33) - -2. What is the thousands digit of (1 + 3 - 3)/(5/q)?
1
Suppose 11*k - 8*k = -2*f + 10760, 17929 = 5*k - f. What is the hundreds digit of k?
5
Suppose -5*m - 16704 = -2*x - 47682, 4*x - 24760 = -4*m. What is the hundreds digit of m?
1
Let l(o) = -o**3 - 5*o**2 + 256*o + 139. What is the hundreds digit of l(-22)?
7
Suppose -2*v = x + 2*x - 317, -610 = -4*v + 2*x. Suppose g - 6*b + 3*b = v, 452 = 3*g - 4*b. What is the units digit of g?
8
Suppose 5*q - 10 = 0, 6*w - q - 15103 = 3*w. Suppose w = -4*r + 9*r. What is the tens digit of r?
0
Suppose -2*l + 2794 = -2*k, 9028 = 5*l - 2*k + 2040. What is the tens digit of l?
9
Let q(m) = m**3 + 13*m**2 + 28*m - 8. Let c be q(-10). What is the hundreds digit of 1528 - (c/(-36))/(1/18)?
5
Let f = 128 - 74. Suppose -2*g - c + 39 + f = 0, 0 = c - 5. Suppose 16 = -43*q + g*q. What is the units digit of q?
6
Suppose -q - 32 = -2*q. Suppose -17*w - 1485 = -q*w. What is the tens digit of w?
9
Suppose 38*t + 34*t + 72*t = 4525488. What is the hundreds digit of t?
4
Let g = 6709 - 1240. What is the thousands digit of g?
5
Let o be 3/(-3 + (-108)/(-30)). Suppose 6*d - 20 = d, -o*d + 6204 = 4*v. What is the thousands digit of v?
1
Suppose -42*o + 45216 = -35*o + m, -o + 5*m = -6444. What is the hundreds digit of o?
4
Let m = 110 - 108. Suppose -g - 31 = -m*i, 0*g - 90 = -5*i + 5*g. What is the tens digit of i?
1
Let r = -4296 + 5433. What is the units digit of r?
7
Let v = 44653 - -2527. What is the ten thousands digit of v?
4
Let q(x) = -x**3 - 23*x**2 + 22*x + 610. What is the tens digit of q(-30)?
5
Let v = -1657 + 3505. Suppose 0 = 50*u - 43*u - v. What is the tens digit of u?
6
Suppose 24*x + 4980 = 36*x. Let f = 325 + x. What is the units digit of f?
0
Let o(q) = -3*q**3 + 31*q**2 - 54*q - 54. What is the thousands digit of o(-16)?
1
Let s(g) = g**2 + 9*g - 5*g**2 + 185*g**3 - 29 - 184*g**3. What is the tens digit of s(6)?
9
What is the hundreds digit of (219/4 + 3)/(-23 + (-916175)/(-39832))?
9
Let n be 487 - (-2 + (2 + 2)/4). Suppose 5*h - f = 20, -4*f = h - 2*f - 15. Suppose h*m - n = 442. What is the tens digit of m?
8
Let l(c) be the second derivative of -c**5/20 + 3*c**4/4 + 3*c**3/2 - 4*c**2 + 9*c. Let x be l(13). What is the tens digit of (-2)/(-9) - 7/(x/7191)?
8
Let s = 18707 + -13264. What is the thousands digit of s?
5
Suppose -43*i - 65 - 107 = 0. What is the hundreds digit of (-7)/(1 + i + 412/138)?
4
Let k(z) = 52*z**2 - 27*z + 74. What is the hundreds digit of k(7)?
4
Let b be 6/10 + (-32)/(-5). Suppose -3*l = 4*o - b + 2, -4*l - 4*o = -4. Let g = l + 28. What is the units digit of g?
7
Let b(l) = 12*l**3 - 6*l**2 - 2*l - 5. Let v be b(4). What is the units digit of (v - -2) + -3*5/15?
0
Let l = 81 + -62. Let t(q) = q**3 - 18*q**2 - 17*q - 38. Let a be t(l). Suppose 3*n = -b + 2*b + 489, a = -3*n + 5*b + 501. What is the units digit of n?
2
Suppose -5*y + 2*c - 16 = 0, -2*y + y = 5*c - 13. What is the units digit of (60/6)/y*108/(-5)?
8
Let k be ((-6)/6)/(1/9). Let o(v) = v**3 + 10*v**2 + 11*v + 18. Let x be o(k). What is the tens digit of (2 + (x + -2 - 40))/(-1)?
4
Suppose 18 = 22*p - 48. Suppose 5*r + h = 2415, 3*r + 0*h = -p*h + 1437. What is the tens digit of r?
8
What is the hundreds digit of 15791